eatest common factor of 896 and 6213214?
14
Calculate the highest common divisor of 5008 and 129238952.
2504
Calculate the greatest common divisor of 11760 and 170171120.
3920
Calculate the highest common divisor of 4375195 and 880.
55
What is the greatest common divisor of 547270056 and 288?
72
What is the greatest common divisor of 52 and 26380523?
13
Calculate the greatest common factor of 12586 and 3349178.
434
Calculate the highest common factor of 469 and 2832961.
67
What is the greatest common divisor of 291571709 and 187?
187
What is the greatest common factor of 2 and 60606649?
1
What is the greatest common factor of 270 and 9953080?
10
What is the highest common divisor of 304 and 19477147?
19
Calculate the greatest common factor of 9879077 and 52.
13
Calculate the greatest common divisor of 12267 and 52726809.
141
Calculate the greatest common factor of 734201 and 18382.
13
Calculate the highest common factor of 34943513 and 44.
11
Calculate the greatest common divisor of 63437913 and 3465.
693
Calculate the greatest common factor of 49112 and 130673.
877
Calculate the greatest common factor of 166972 and 17672668.
8788
What is the greatest common divisor of 250847 and 23153?
137
Calculate the greatest common divisor of 247 and 308250167.
19
Calculate the highest common divisor of 21148302 and 24.
6
What is the greatest common divisor of 482383491 and 41?
41
What is the greatest common factor of 31360 and 402752?
448
Calculate the highest common divisor of 36 and 4507452.
36
What is the greatest common divisor of 402 and 7031985?
201
What is the greatest common factor of 15 and 5573487?
3
What is the greatest common factor of 13795251 and 6?
3
Calculate the highest common factor of 3875 and 220336375.
3875
What is the highest common divisor of 35940 and 342060?
60
What is the highest common factor of 60 and 626222460?
60
Calculate the greatest common divisor of 15953 and 23026115.
371
What is the highest common factor of 2600 and 598315900?
1300
Calculate the greatest common divisor of 1162412 and 234797.
71
Calculate the greatest common factor of 1620 and 131688.
36
What is the greatest common factor of 218000679 and 7726?
3863
What is the greatest common factor of 19449084 and 228?
228
Calculate the greatest common factor of 1421 and 21099939.
49
What is the greatest common factor of 9360 and 505635?
195
What is the highest common divisor of 38791865 and 2326?
1163
What is the greatest common divisor of 540 and 93253572?
108
Calculate the greatest common divisor of 7290390 and 10714.
974
Calculate the highest common factor of 228 and 2153428.
4
What is the highest common divisor of 5191446 and 2808?
78
What is the greatest common divisor of 311375159 and 477?
53
What is the highest common factor of 26772 and 313116?
1164
Calculate the highest common factor of 49720 and 6872.
8
What is the greatest common factor of 48 and 247406072?
8
What is the greatest common divisor of 39303 and 9288?
9
Calculate the highest common divisor of 1793627 and 15229.
97
Calculate the highest common divisor of 85736376 and 396.
396
What is the greatest common divisor of 22119 and 127563?
303
Calculate the greatest common divisor of 9231 and 10341797.
3077
What is the highest common divisor of 775529 and 44329?
457
Calculate the greatest common divisor of 1256 and 140221096.
1256
What is the highest common divisor of 519104612 and 260?
52
What is the greatest common divisor of 93978 and 3791581?
227
What is the highest common divisor of 3208 and 14268?
4
Calculate the greatest common factor of 127064450 and 50.
50
What is the highest common divisor of 45632 and 76584756?
2852
What is the highest common divisor of 2203056 and 312?
24
What is the greatest common divisor of 6913855 and 130?
65
What is the highest common divisor of 279 and 120651845?
31
What is the greatest common divisor of 217366 and 160?
2
Calculate the greatest common factor of 5624370907 and 1789.
1789
What is the highest common divisor of 203 and 18823?
7
What is the highest common factor of 375462 and 1079760?
2454
Calculate the greatest common divisor of 10035663 and 179982.
3333
Calculate the highest common divisor of 4952 and 269931044.
2476
What is the greatest common factor of 1644 and 25248?
12
What is the highest common divisor of 37294201 and 1505?
301
Calculate the highest common divisor of 375960 and 9230.
130
Calculate the greatest common divisor of 9154 and 442179393.
4577
Calculate the greatest common factor of 24633090 and 195.
15
Calculate the highest common factor of 8112 and 6503536.
208
What is the greatest common divisor of 297597 and 2318?
19
Calculate the greatest common divisor of 930 and 657023982.
186
What is the greatest common divisor of 13 and 14994941?
13
What is the greatest common factor of 1422344 and 10?
2
Calculate the greatest common divisor of 2206375 and 150385.
95
Calculate the highest common divisor of 147 and 57107505.
21
Calculate the highest common factor of 109865432 and 31060.
6212
What is the highest common divisor of 64666 and 12789266?
2086
What is the highest common factor of 81 and 119915343?
27
Calculate the greatest common factor of 6193 and 373609052.
563
What is the greatest common divisor of 739966 and 510?
2
Calculate the greatest common divisor of 39 and 18231525.
39
Calculate the greatest common factor of 6 and 98343474.
6
Calculate the greatest common divisor of 73896108 and 12.
12
What is the greatest common factor of 3429 and 28047?
3
Calculate the highest common factor of 13484688 and 2128.
112
Calculate the highest common divisor of 84539190 and 30.
30
Calculate the greatest common factor of 56475 and 73875.
75
Calculate the highest common divisor of 1208079648 and 3152.
3152
What is the highest common divisor of 10168 and 9912980?
164
What is the greatest common divisor of 144499410 and 10285?
605
Calculate the greatest common divisor of 33678095 and 33363.
3707
What is the greatest common factor of 9492 and 1591674?
42
What is the greatest common factor of 1366457694 and 84?
42
What is the greatest common divisor of 1181 and 4648?
1
What is the greatest common factor of 48908 and 68?
4
What is the greatest common divisor of 1121424 and 876?
12
Calculate the greatest common divisor of 11 and 5311097.
11
What is the highest common factor of 140601874 and 656?
82
Calculate the highest common factor of 529092 and 674544.
276
What is the greatest common divisor of 339022 and 1800254?
674
Calculate the highest common factor of 1023601202 and 13.
13
What is the highest common divisor of 77 and 62286?
7
Calculate the greatest common divisor of 8654 and 33326.
2
What is the greatest common divisor of 313872 and 56238?
78
Calculate the greatest common factor of 936715 and 42510.
65
What is the highest common factor of 22152555 and 594?
27
What is the greatest common divisor of 137 and 12599479?
137
Calculate the greatest common divisor of 47082 and 1872108.
798
Calculate the greatest common factor of 40020 and 99383.
667
What is the greatest common divisor of 22017 and 753?
3
What is the highest common divisor of 20450781 and 195?
39
What is the greatest common factor of 60804537 and 129?
129
Calculate the highest common factor of 4070 and 3035110.
370
Calculate the highest common divisor of 17332524 and 363.
363
What is the greatest common factor of 2711472 and 384?
48
What is the highest common factor of 504 and 19830132?
252
What is the greatest common factor of 3991138 and 10126?
166
What is the highest common divisor of 7917 and 429975?
273
What is the greatest common factor of 8829 and 29079?
81
What is the greatest common factor of 66034746 and 9110?
1822
Calculate the greatest common factor of 31314 and 20604.
102
Calculate the highest common divisor of 5537 and 22834.
49
What is the greatest common divisor of 13298388 and 231120?
1284
Calculate the greatest common factor of 2056 and 61462064.
2056
What is the greatest common factor of 157819 and 17690371?
1627
Calculate the highest common divisor of 11388242 and 41.
41
Calculate the highest common factor of 91982 and 371591.
407
Calculate the highest common factor of 747 and 170325711.
747
Calculate the highest common factor of 14448 and 12046776.
168
What is the gre